he remainder when 18 is divided by n?
7
Suppose -3*o + 3*u = -u - 14, -o + 2*u = -6. Suppose -3*c + 85 = o*c. What is the remainder when 32 is divided by c?
15
Let j(f) = -f**3 + 7*f**2 - 6*f + 4. Calculate the remainder when 5 is divided by j(6).
1
Let o = -61 - -101. What is the remainder when (22/4)/((-2)/(-8)) is divided by (-6)/((-5)/(o/6))?
6
Suppose 0 = -p - 4*j - j + 30, 0 = 4*p - j - 78. What is the remainder when ((-12)/10)/((-2)/p) is divided by 4 - (-6 + (2 - -1))?
5
Let a be 14/6 - 2/6. Suppose 3*j = a + 1. Suppose -3*h + 3 = -0. Calculate the remainder when h is divided by j.
0
Suppose -14*s + 288 = 4*s. Calculate the remainder when 20 is divided by s.
4
Let i = 4 + 2. Let q be -2*((-30)/4)/3. Suppose f + 10 + 4 = -5*x, -q*f - 5*x + 30 = 0. What is the remainder when f is divided by i?
5
Calculate the remainder when (-6 - -3)*28*(-2)/3 is divided by 12.
8
Let y = 2 - 0. Calculate the remainder when 6 is divided by (-3*y)/(3/(-2)).
2
Let k = -55 + 82. Calculate the remainder when k is divided by 4/(2/1) + 13.
12
Suppose 4*o = 6*o - 26. What is the remainder when o is divided by (-42)/(-9) - 1/(-3)?
3
Suppose 0 = -q - 13 + 49. What is the remainder when q is divided by 19 - (5 + -2) - 3?
10
What is the remainder when 30 is divided by (0 + 3)*(-112)/(-42)?
6
Suppose 42 = 4*p - 2*p. Suppose 21 = 2*k - p. What is the remainder when 41 is divided by k?
20
Calculate the remainder when (-16 - -14) + 12/1 is divided by 4.
2
Suppose 103 = 4*s - 149. Let q = s - 43. What is the remainder when q is divided by 4/(24/21)*2?
6
Suppose -5*t = -5 + 10. Calculate the remainder when 57 is divided by 45/6*(t - -3).
12
Let f be (2/(-3))/(3/(-342)). Suppose -3*x + 41 = -f. Calculate the remainder when x is divided by 21.
18
Let z(u) = -u**3 + 8*u**2 - 7*u + 1. Let b be z(7). Let p(v) = -10*v + 2. Let g be p(2). Let q = b - g. Calculate the remainder when q is divided by 11.
8
Let j = -12 + 27. Suppose -6 = -37*v + 36*v. Calculate the remainder when j is divided by v.
3
Let p be 58/6 - (-1)/3. Let c(o) = -o + 21. What is the remainder when 29 is divided by c(p)?
7
Suppose 5*n = 3*v + 14 + 37, -3*v + 9 = 0. What is the remainder when 22 is divided by n?
10
Suppose q = 1 + 11. Suppose -3*n = 4*k + q, 3*n - 2*n + 4 = k. What is the remainder when 6 is divided by (-36)/(-8) - (-2)/n?
2
Let o(p) = -5*p - 4. Calculate the remainder when (2/3)/(6/360) is divided by o(-5).
19
Let w(u) = -9*u - 1. Let i(o) = -o + 8. Calculate the remainder when w(-6) is divided by i(-6).
11
Suppose 4*c = -i + 38 - 503, 5*c + 5*i = -570. Let d = c + 171. Suppose -d = -5*h - 3*n, h + 0*n = -2*n + 8. What is the remainder when 35 is divided by h?
11
Suppose 5*g + 2*k - 431 = 0, 3*k = 5*g - 134 - 307. Calculate the remainder when g is divided by 18.
15
Let o(d) = -d + 10. Let k be o(8). Suppose k*i = -2*i + 72. What is the remainder when i is divided by 10?
8
Suppose 0 = 3*w - 285 - 351. Suppose 2*m + 2*m = w. Calculate the remainder when m is divided by 14.
11
Suppose -i = 3*u + 33 - 191, 0 = -4*i + 3*u + 662. Calculate the remainder when i is divided by 57.
50
Suppose 14*i = 12*i + 26. Let p = 83 + -46. What is the remainder when p is divided by i?
11
Suppose 4*a - 200 = -0*a. Let t = -94 + 107. Calculate the remainder when a is divided by t.
11
Let c(q) = 2*q**2 + 2*q - 2. Let p = -5 - 0. What is the remainder when c(p) is divided by (-2)/(-4)*(25 + 1)?
12
Let w be (72/(-10))/(28/(-70)). Suppose 0 = 3*j - k + 4*k - w, 5*j = -2*k + 45. What is the remainder when 43 is divided by j?
10
Let n = 2 - 2. Suppose 2*f + n = 8. Calculate the remainder when 1 + (-4 - 0) + 8 is divided by f.
1
Suppose -5*v = g - 12, -32 = -2*g + 2*v + 40. Let w(m) = 11*m**2 + 1. What is the remainder when g is divided by w(-1)?
8
Suppose -4*z - 3*i + 64 = 0, -3*i - 11 = 1. What is the remainder when 55 is divided by z?
17
Let h(z) = z - 4. Let o be h(5). Calculate the remainder when 14 is divided by (0 + o)/((-1)/(-5)).
4
Let y = -10 - -14. Let k(i) = i**2 + 2*i - 2. What is the remainder when 87 is divided by k(y)?
21
Let l = 4 + -4. Suppose l = 2*u - 4*u. Suppose -61 = -r - u*r. What is the remainder when r is divided by 16?
13
Let n = -4 + 8. Suppose 0 = 4*f, 0*u + n*u - 2*f = 40. Calculate the remainder when 39 is divided by u.
9
Suppose o - 6*o + 5*u = -15, -u - 9 = -4*o. Let f = 10 + -5. Calculate the remainder when f is divided by o.
1
Suppose -31 = 4*a + 1. Let z = 32 + a. Calculate the remainder when 93 is divided by z.
21
Let m = 85 - 78. What is the remainder when 25 is divided by m?
4
Let t be -2*(1 + (-15)/6). Suppose t*u - 24 - 54 = 0. Let j(b) = 13*b**2 + b. What is the remainder when u is divided by j(1)?
12
Let a = -1 + 3. Suppose -a*x = 4*n + 8, -x + 4*n + 6 = -2*x. What is the remainder when 62 is divided by x/(-10) + (-208)/(-10)?
20
Suppose 3*w - 20 = 28. Calculate the remainder when 29 is divided by w.
13
Suppose -4*z + 2*u + 2 = 0, 3*z - u = -3*u + 5. Calculate the remainder when (-1)/((-2)/20) + z is divided by 4.
3
Let r = 22 + -8. Calculate the remainder when (2 - r)/(2/(-5)) is divided by 65/4 + 2/(-8).
14
Let i(d) = -4*d - 4. Let k be i(-4). Suppose -4 = -3*x + 2*c, 3*x = -4*c - 9 + 37. Suppose x*w - 32 = k. What is the remainder when w is divided by 4?
3
Let g = 96 - 48. Calculate the remainder when 237 is divided by g.
45
Suppose 2*m + 3*m = 130. Suppose 4 = 3*b - 2. Calculate the remainder when m is divided by 11 + b*-1 + 0.
8
Let r(c) = c**2 + 5. Calculate the remainder when r(3) is divided by 4.
2
Let k(u) = -u**2 - 9*u + 1. What is the remainder when 26 is divided by k(-8)?
8
Let h be (8 - 2)/(-3)*-2. Suppose -h = o - 22. What is the remainder when 70 is divided by o?
16
Suppose 3*i + 10 + 13 = 2*k, 4*i = -4*k + 56. Suppose 3 = 2*m - k. Let f(r) = -r**3 + r**2 - r + 14. What is the remainder when f(0) is divided by m?
6
Let z(p) = -p + 2*p**2 + 10 + 3*p**2 - 4*p**2. Let h = -5 + 5. Calculate the remainder when 18 is divided by z(h).
8
Let f = 36 - 4. Suppose -36 = -2*z + 2*u, 3*z - 27 = -2*u + 22. Calculate the remainder when f is divided by z.
15
Let u(b) = 61*b + 1. Let t(x) = 60*x + 1. Let a(v) = 4*t(v) - 3*u(v). What is the remainder when a(1) is divided by 15?
13
Let r = 7 - -27. Calculate the remainder when r is divided by 13.
8
Let i = 0 + -1. Let s be (3 - i)*(-9)/(-6). Let q = -1 + s. What is the remainder when 13 is divided by q?
3
Let y = -6 - 5. Let g = 22 + y. What is the remainder when g is divided by (18/21)/(2/14)?
5
Suppose 2*m - 30 = -5*u, -3*m + 5*u - 2*u + 24 = 0. What is the remainder when 38 is divided by m?
8
Suppose 5*o = 2*o + 69. Suppose -3*q - 2*y + o + 1 = 0, 2*q - 5*y = 16. Suppose 0*x = x - q. What is the remainder when x is divided by 5?
3
Let g = -1 - -21. Calculate the remainder when g is divided by 11.
9
Let g(x) = x**3 + 5*x**2 + 5*x + 6. Let y be g(-4). Suppose 0 = y*z + b - 1, -z + 4*b = z - 6. Calculate the remainder when 2 is divided by z.
0
Suppose 4*j - 5*k - 133 = 142, 77 = j - 4*k. Calculate the remainder when j is divided by 22.
21
Suppose 3*v - 38 - 22 = 0. Suppose -2*n + v + 16 = 0. Calculate the remainder when n is divided by (-14)/((2 + -1)*-2).
4
Let i = -55 - -75. What is the remainder when 31 is divided by i?
11
Let j = 28 + -19. Suppose -5*i + j + 11 = 2*q, -3*i = 4*q - 26. What is the remainder when 9 is divided by q?
4
Let o be (4 - -2)*(-2)/2. Let g be 36 + (2 - o/(-3)). Suppose -r = 3*c - 38, -g + 2 = -2*c - 5*r. Calculate the remainder when 47 is divided by c.
11
Let q be (-1)/2 - 148/(-8). Suppose q = -4*n + 58. What is the remainder when 19 is divided by n?
9
Let f(k) = -k**2 + 9*k - 9. Calculate the remainder when f(5) is divided by 4.
3
Let c(z) = z**3 + 3*z**2 - 2*z + 3. Let a be c(-3). What is the remainder when 99 is divided by 150/a*12/8?
24
Let y = -25 + 43. Calculate the remainder when y is divided by 5.
3
Let y(n) = 2*n - 11. What is the remainder when 27 is divided by y(9)?
6
Let n(z) = z + 1. Let w(g) = -8. Let c be 9/6 - (-33)/(-6). Let f(d) = c*n(d) - w(d). What is the remainder when f(-6) is divided by 10?
8
Let k = 26 - 12. Calculate the remainder when k is divided by 5.
4
Suppose 4*p - 41 = -1. What is the remainder when 38 is divided by p?
8
Let d be 4/(-2)*(22 - 7). Calculate the remainder wh